/2 - 2*q**2. What is the remainder when a(2) is divided by w(-10)?
21
Let h = -155 + 205. Calculate the remainder when 247 is divided by h.
47
Let o = 16 - -18. Let n(l) = -l**2 - 6*l + 3. Let u = -5 + 2. What is the remainder when o is divided by n(u)?
10
Let b(z) = -5*z - 1. Let l = 1 + -2. Let t be b(l). Let v(s) = s + 3. Calculate the remainder when v(t) is divided by 4.
3
Suppose -3*y - 60 = -3*t - 2*t, 0 = 2*t + y - 35. What is the remainder when 24 is divided by t?
9
Suppose -4*l = -0*f - 2*f + 12, 4*f = 4*l + 24. What is the remainder when 21 is divided by f?
3
Let t(w) = w - 11. What is the remainder when 4 is divided by t(14)?
1
Let c be 3*(1 - (-2)/6). Suppose v + 13 = 3*m, -2*v + c*m = -m + 21. Suppose 3*u = 5 - v. What is the remainder when u is divided by 1?
0
Let z = 14 - 6. Let v be 1*(1 + 30)*2. Calculate the remainder when (8 + -6)*v/4 is divided by z.
7
Calculate the remainder when 9 is divided by (10/4)/(8/16).
4
Let m(x) = x - 1. Let n be m(7). Suppose -b - n = -30. Let p = b + -4. What is the remainder when p is divided by 7?
6
Suppose 3*l + 0*b - 2*b - 62 = 0, -3*l + 74 = -5*b. Let s = 48 + 26. Let k = 127 - s. What is the remainder when k is divided by l?
17
Let s(i) = 9*i + i**2 - 5 - 14*i + 2. What is the remainder when 32 is divided by s(7)?
10
Let u(k) = -k**2 - 4*k + 1. Let r be u(-3). Let m be r/10 - (-165)/25. Let q = 1 + m. Calculate the remainder when 15 is divided by q.
7
Suppose 49 = 5*y + i - 24, 0 = -y - 2*i + 20. Calculate the remainder when 81 is divided by y.
11
Let v = 238 - 226. Calculate the remainder when 28 is divided by v.
4
Suppose 6 = 5*p - 4. What is the remainder when -2 + 4 - (-22)/p is divided by 7?
6
Let i be (-1 - 18/10)*5. Let d be i/2*(-6)/21. Calculate the remainder when (-5 + 0)*d*-3 is divided by 16.
14
Let q(z) = -z - 8. Suppose -i + 4*w - 21 = 0, 5*i - 2*w = 3*w - 60. Calculate the remainder when q(i) is divided by 1.
0
Suppose d = -3*d. Suppose 6*l - 10*l + 104 = d. What is the remainder when 49 is divided by l?
23
Let y(q) = q**3 - 8*q**2 - 7*q - 4. Let h be (-1)/(-2) - (-6)/4. Suppose -m + h = -6. What is the remainder when y(9) is divided by m?
6
Suppose -1 = -w - 3*j - 8, -j + 5 = 4*w. Suppose -4*n + 3*a = -w*a - 48, 3*n + 3*a - 9 = 0. What is the remainder when 27 is divided by n?
6
Suppose 2*c = 30 - 18. Calculate the remainder when c is divided by (-10)/(-3) - 4/(-6).
2
Let t(x) = 30*x**2 - 2*x - 1. Let s = -23 - -34. Calculate the remainder when t(-1) is divided by s.
9
Let c be -1 + 7/1 - 3. Suppose c*j + j - 28 = 0. Calculate the remainder when 18 is divided by j.
4
Let n = -47 + 178. What is the remainder when n/4 + 3/12 is divided by 17?
16
Suppose -6*q + 34 = -32. What is the remainder when 35 is divided by q?
2
Let z(t) = 6*t - 2. Calculate the remainder when 47 is divided by z(3).
15
Suppose -h - 16 = -43. Let w = -2 + 16. What is the remainder when h is divided by w?
13
Suppose 1 + 6 = m. Let h(r) = 5*r - 21. Let v = -38 + 91. What is the remainder when v is divided by h(m)?
11
Let j(w) = w - 3. Let k be j(8). Suppose 3*m - 4*m = 4*y + 1, 0 = -2*y + 5*m + k. Calculate the remainder when 9 is divided by y + (2 + -12)/(-2).
4
Let l(n) = -n - 2. Let a be l(2). Let p(w) = -2*w**3 - 7*w**2 - 5*w - 3. Calculate the remainder when p(a) is divided by 17.
16
Suppose 3*i + 3 = u + 6, 4*i = -u + 11. Suppose -5*v = i*n - 7, -3*v - 4*n + 2 = -5*v. Calculate the remainder when 3 is divided by v.
0
Let i(k) = -k**2 - 7*k**2 + 12*k + 9 + 7*k**2. Let n(u) = -u**2 - 7*u + 4. Let d be n(-6). Calculate the remainder when i(d) is divided by 15.
14
Let j(z) = -z**2 - 8*z + 4. Let p = -23 - -16. What is the remainder when 21 is divided by j(p)?
10
Let z(r) = 5*r + 1 - 6 + 2*r - r**2. Let b be z(7). Let k(h) = -h**3 - 5*h**2 - 5*h - 5. Calculate the remainder when k(b) is divided by 7.
6
Suppose 2*q + 4*z = 7*z + 57, -3*q + 90 = -3*z. What is the remainder when 164 is divided by q?
32
Let h be (3/(-9))/((-1)/(-15)). Let u(z) be the second derivative of -z**4/12 - 4*z**3/3 - 3*z**2/2 + z. Calculate the remainder when 23 is divided by u(h).
11
Suppose 3*j + 0*j - 76 = -4*w, 2*j + 3*w = 50. What is the remainder when 55 is divided by j?
27
Let v be (-4)/(-18) - (-574)/9. Let g be (-6)/(-33) - v/(-11). Suppose -g = -2*j + j. Calculate the remainder when 11 is divided by j.
5
Suppose 0 = -a - 0*a - 13. Let v = 86 + a. Let g = -34 + v. What is the remainder when g is divided by 20?
19
Suppose -q = -5*y + 3, y - 2 - 7 = -4*q. What is the remainder when q + (-5)/(15/(-114)) is divided by 14?
12
Suppose 3*t + 2*t = 20, -t + 220 = 3*y. What is the remainder when y is divided by 25?
22
Suppose -2*a - 7 = -3*l, 0*l - 28 = -2*a - 4*l. What is the remainder when 15 is divided by a?
3
Let h(w) = -2*w - 2. What is the remainder when (2/(-6))/(6/(-90)) is divided by h(-3)?
1
Suppose 5*v - 4*z - 152 - 27 = 0, 67 = 2*v + 3*z. What is the remainder when v is divided by 10?
5
Let y be 4*(-2)/(-2) - 1. Suppose 3*p - u - 45 = u, 5*p - 75 = y*u. Calculate the remainder when 44 is divided by p.
14
Let j(l) be the first derivative of -39*l**2/2 + 1. What is the remainder when j(-1) is divided by 10?
9
Let m(w) = 6*w**2 - w + 1. Suppose a - 3*g = -4*a + 42, 2*a - 20 = 2*g. Suppose -a = -4*b - 2. Calculate the remainder when 17 is divided by m(b).
5
Let c(g) = g**2 + g - 15. Let d = 37 - 22. Calculate the remainder when c(6) is divided by d.
12
Let v(f) = 2*f - 8. Calculate the remainder when 19 is divided by v(6).
3
Let k = 816 + -811. Calculate the remainder when 5*2 + (1 - 2) is divided by k.
4
Let w be (-1)/(1/(-2))*1. Suppose q + d = -2*q - 1, 3*d = 5*q - 3. Calculate the remainder when 51/6*(q + w) is divided by 6.
5
Let p = 13 + -4. Suppose -w = 4*b - 2*w - 17, -w = -5*b + 20. What is the remainder when p is divided by b?
0
Let v = 10 + -10. Calculate the remainder when 11 is divided by (1 - v)/((-9)/(-27)).
2
Suppose 11*i - 15*i + 76 = 0. What is the remainder when 34 is divided by i?
15
Let v(u) = 3*u**2 + 3*u. What is the remainder when 14/4*(-6)/(-1) is divided by v(-2)?
3
Let p = 24 + -22. Let h = p + 5. What is the remainder when h is divided by 4?
3
Suppose -5*j + 0*j = 0. Suppose j = -5*z + 95 - 20. Suppose 0*a + 5*a + 3*n = 230, 2*a - 5*n - 61 = 0. What is the remainder when a is divided by z?
13
Let g be 194/8 - (-3)/4. Suppose 0 = 5*l - g - 45. Calculate the remainder when 40 is divided by l.
12
Let m(r) = r**3 + 3*r**2 - 5*r. Let o(b) = 3*b - 1. Calculate the remainder when o(2) is divided by m(-4).
1
Suppose 4*w = -3*q - 34, w = 5*w - q + 42. Let z = -5 - w. What is the remainder when z is divided by 3?
2
Let n(g) = -g**2 - 7*g - 4. Suppose 6 = q + 3*v, -2 = -0*q - q - 2*v. Calculate the remainder when 7 is divided by n(q).
1
Calculate the remainder when ((1 - 2) + 0)/((-2)/40) is divided by 7.
6
Let q = -5 + 0. Let h(l) = -l**3 - 3*l**2 + 7*l - 2. Calculate the remainder when h(q) is divided by 7.
6
Let n(u) = 4*u**2 - 4. Suppose 3*i = 5*i - 6. What is the remainder when n(i) is divided by ((-22)/8)/((-5)/20)?
10
What is the remainder when 64 is divided by ((-90)/24 - -4)/((-1)/(-52))?
12
Let f = -9 + 36. Let d be 3 + -6 - (0 - 3). Suppose -4*g + d*g + 56 = 0. What is the remainder when f is divided by g?
13
Calculate the remainder when 99 is divided by (70/(-21))/(-1 + 2/3).
9
Let p(b) = -6*b - 21. Calculate the remainder when 17 is divided by p(-5).
8
Suppose -3*c + 122 = 2*y, 3*c = 9*y - 8*y + 119. Suppose 4*n + 16 = -0*n. Calculate the remainder when c is divided by 12 + n/(-2*1).
12
Let j = 12 + 6. Calculate the remainder when 35 is divided by j.
17
Let h(c) = -c - 3. Let l be h(-6). Suppose 2 = 2*a - l*a, 3*p - a = 47. Calculate the remainder when 28 is divided by p.
13
Let d(p) be the first derivative of p**3/3 + 13*p**2/2 + 5*p - 4. What is the remainder when d(-13) is divided by 2?
1
Let m = 173 + -123. What is the remainder when m is divided by (-32)/(-2) - 11/(44/12)?
11
Let c = 1056 - 985. Suppose -o + 0*o + 9 = -4*v, -5 = 5*v + 5*o. Let n(i) = -2*i**3 + 2*i**2 + 3*i. What is the remainder when c is divided by n(v)?
17
Suppose 3*f - 3*j = -6*j + 78, -118 = -5*f - 2*j. What is the remainder when 84 is divided by f?
18
Let c(f) = f**3 + 8*f**2 + 5*f - 1. Suppose 2*m + 2*q = 294 - 58